3, 43
List the prime factors of 4522.
2, 7, 17, 19
List the prime factors of 37148.
2, 37, 251
What are the prime factors of 79912?
2, 7, 1427
What are the prime factors of 912?
2, 3, 19
List the prime factors of 753.
3, 251
What are the prime factors of 5980?
2, 5, 13, 23
What are the prime factors of 6704?
2, 419
What are the prime factors of 15732?
2, 3, 19, 23
List the prime factors of 10638.
2, 3, 197
List the prime factors of 9427.
11, 857
List the prime factors of 19907.
17, 1171
What are the prime factors of 6315?
3, 5, 421
List the prime factors of 11663.
107, 109
What are the prime factors of 4196?
2, 1049
List the prime factors of 12214.
2, 31, 197
What are the prime factors of 13553?
13553
List the prime factors of 346.
2, 173
What are the prime factors of 15235?
5, 11, 277
List the prime factors of 4368.
2, 3, 7, 13
What are the prime factors of 11253?
3, 11, 31
List the prime factors of 14090.
2, 5, 1409
List the prime factors of 558.
2, 3, 31
List the prime factors of 14202.
2, 3, 263
What are the prime factors of 2023?
7, 17
List the prime factors of 1800.
2, 3, 5
What are the prime factors of 4192?
2, 131
List the prime factors of 11989.
19, 631
List the prime factors of 22090.
2, 5, 47
What are the prime factors of 6281?
11, 571
List the prime factors of 7252.
2, 7, 37
List the prime factors of 7643.
7643
What are the prime factors of 5391?
3, 599
List the prime factors of 19895.
5, 23, 173
List the prime factors of 474.
2, 3, 79
What are the prime factors of 66378?
2, 3, 13, 23, 37
List the prime factors of 30942.
2, 3, 191
What are the prime factors of 1843?
19, 97
List the prime factors of 55988.
2, 13997
List the prime factors of 4672.
2, 73
What are the prime factors of 85738?
2, 163, 263
What are the prime factors of 32235?
3, 5, 7, 307
List the prime factors of 960.
2, 3, 5
What are the prime factors of 8831?
8831
What are the prime factors of 28864?
2, 11, 41
What are the prime factors of 67029?
3, 22343
What are the prime factors of 101217?
3, 33739
What are the prime factors of 14575?
5, 11, 53
List the prime factors of 2443.
7, 349
What are the prime factors of 26140?
2, 5, 1307
What are the prime factors of 970?
2, 5, 97
List the prime factors of 143537.
143537
What are the prime factors of 12755?
5, 2551
What are the prime factors of 715?
5, 11, 13
List the prime factors of 909.
3, 101
List the prime factors of 2531.
2531
What are the prime factors of 21330?
2, 3, 5, 79
List the prime factors of 101161.
101161
What are the prime factors of 485?
5, 97
List the prime factors of 49965.
3, 5, 3331
What are the prime factors of 85343?
31, 2753
What are the prime factors of 9189?
3, 1021
What are the prime factors of 2650?
2, 5, 53
What are the prime factors of 2041?
13, 157
What are the prime factors of 141190?
2, 5, 7, 2017
List the prime factors of 3115.
5, 7, 89
What are the prime factors of 873?
3, 97
List the prime factors of 148202.
2, 74101
List the prime factors of 28790.
2, 5, 2879
List the prime factors of 3665.
5, 733
List the prime factors of 4119.
3, 1373
What are the prime factors of 426?
2, 3, 71
List the prime factors of 17943.
3, 5981
List the prime factors of 1310.
2, 5, 131
List the prime factors of 52574.
2, 97, 271
List the prime factors of 21076.
2, 11, 479
What are the prime factors of 6748?
2, 7, 241
What are the prime factors of 832?
2, 13
What are the prime factors of 8729?
7, 29, 43
List the prime factors of 5092.
2, 19, 67
List the prime factors of 623.
7, 89
List the prime factors of 20887.
20887
List the prime factors of 5086.
2, 2543
What are the prime factors of 181033?
17, 23, 463
List the prime factors of 25080.
2, 3, 5, 11, 19
List the prime factors of 26116.
2, 6529
List the prime factors of 10772.
2, 2693
What are the prime factors of 2213?
2213
What are the prime factors of 130135?
5, 17, 1531
What are the prime factors of 20122?
2, 10061
List the prime factors of 70036.
2, 17509
List the prime factors of 55.
5, 11
List the prime factors of 2230.
2, 5, 223
List the prime factors of 411.
3, 137
List the prime factors of 1787.
1787
What are the prime factors of 1248?
2, 3, 13
List the prime factors of 20647.
11, 1877
What are the prime factors of 27473?
83, 331
List the prime factors of 51955.
5, 10391
What are the prime factors of 726?
2, 3, 11
What are the prime factors of 40092?
2, 3, 13, 257
List the prime factors of 953.
953
What are the prime factors of 14880?
2, 3, 5, 31
What are the prime factors of 8905?
5, 13, 137
List the prime factors of 1471.
1471
List the prime factors of 1585.
5, 317
What are the prime factors of 42263?
13, 3251
What are the prime factors of 21707?
7, 443
List the prime factors of 79201.
79201
List the prime factors of 7510.
2, 5, 751
What are the prime factors of 13198?
2, 6599
What are the prime factors of 1885?
5, 13, 29
What are the prime factors of 603?
3, 67
What are the prime factors of 121067?
121067
List the prime factors of 494.
2, 13, 19
List the prime factors of 1070.
2, 5, 107
List the prime factors of 5598.
2, 3, 311
List the prime factors of 1282.
2, 641
What are the prime factors of 942?
2, 3, 157
What are the prime factors of 94047?
3, 23, 29, 47
List the prime factors of 10611.
3, 131
What are the prime factors of 5134?
2, 17, 151
What are the prime factors of 111488?
2, 13, 67
What are the prime factors of 90?
2, 3, 5
What are the prime factors of 3661?
7, 523
List the prime factors of 3854.
2, 41, 47
List the prime factors of 56711.
56711
List the prime factors of 14254.
2, 7127
What are the prime factors of 38147?
37, 1031
List the prime factors of 52.
2, 13
List the prime factors of 4393.
23, 191
What are the prime factors of 87497?
59, 1483
List the prime factors of 1051.
1051
What are the prime factors of 1162?
2, 7, 83
What are the prime factors of 5428?
2, 23, 59
List the prime factors of 83740.
2, 5, 53, 79
What are the prime factors of 11932?
2, 19, 157
List the prime factors of 1067.
11, 97
List the prime factors of 2420.
2, 5, 11
What are the prime factors of 19100?
2, 5, 191
What are the prime factors of 13961?
23, 607
List the prime factors of 5795.
5, 19, 61
What are the prime factors of 2560?
2, 5
List the prime factors of 15439.
15439
List the prime factors of 30847.
109, 283
What are the prime factors of 33598?
2, 107, 157
List the prime factors of 1292.
2, 17, 19
What are the prime factors of 23904?
2, 3, 83
What are the prime factors of 4903?
4903
List the prime factors of 32805.
3, 5
List the prime factors of 108660.
2, 3, 5, 1811
What are the prime factors of 36049?
13, 47, 59
What are the prime factors of 10836?
2, 3, 7, 43
List the prime factors of 5998.
2, 2999
List the prime factors of 3600.
2, 3, 5
What are the prime factors of 1014?
2, 3, 13
List the prime factors of 3278.
2, 11, 149
What are the prime factors of 736?
2, 23
What are the prime factors of 27712?
2, 433
What are the prime factors of 1279?
1279
What are the prime factors of 12865?
5, 31, 83
List the prime factors of 7591.
7591
List the prime factors of 4168.
2, 521
What are the prime factors of 17018?
2, 67, 127
List the prime factors of 3883.
11, 353
List the prime factors of 3481.
59
What are the prime factors of 474?
2, 3, 79
List the prime factors of 38209.
19, 2011
List the prime factors of 2818.
2, 1409
List the prime factors of 2015.
5, 13, 31
List the prime factors of 42995.
5, 8599
What are the prime factors of 897?
3, 13, 23
List the prime factors of 69.
3, 23
List the prime factors of 1570.
2, 5, 157
What are the prime factors of 3466?
2, 1733
What are the prime factors of 47792?
2, 29, 103
What are the prime factors of 20996?
2, 29, 181
List the prime factors of 3757.
13, 17
What are the prime factors of 1893?
3, 631
List the prime factors of 1480.
2, 5, 37
What are the prime factors of 17226?
2, 3, 11, 29
What are the prime factors of 13324?
2, 3331
What are the prime factors of 28453?
37, 769
What are the prime factors of 12010?
2, 5, 1201
List the prime factors of 24523.
137, 179
List the prime factors of 4238.
2, 13, 163
List the prime factors of 81411.
3, 11, 2467
What are the prime factors of 4604?
2, 1151
List the prime factors of 13311.
3, 17, 29
List the prime factors of 35340.
2, 3, 5, 19, 31
List the prime factors o